, what is -24dc + -67?
-2554
In base 7, what is 1332332 - 3?
1332326
In base 2, what is -101 + -111111011001?
-111111011110
In base 16, what is -2 + -fde?
-fe0
In base 11, what is 3a26 - 3a?
3997
In base 8, what is -10176 + -16?
-10214
In base 4, what is 10 + 13101?
13111
In base 16, what is 1ea3 - -3?
1ea6
In base 13, what is -5 - 4039?
-4041
In base 10, what is -9396 - -172?
-9224
In base 11, what is 1507 + -22?
1495
In base 5, what is -1233 + 13010?
11222
In base 3, what is -111 + -21011010?
-21011121
In base 14, what is -2122 + 10?
-2112
In base 8, what is 1427061 - 0?
1427061
In base 13, what is 296 + 221?
4b7
In base 4, what is -323 + -32113?
-33102
In base 5, what is -1213302 - -4?
-1213243
In base 9, what is -208 - 1061?
-1270
In base 2, what is 1010 - -100111111?
101001001
In base 2, what is -110011 + 1010111001000110?
1010111000010011
In base 3, what is 1111002 - -10121?
1121200
In base 9, what is -26877 - -50?
-26827
In base 3, what is -200 + -12202002001?
-12202002201
In base 11, what is -1a + 5?
-15
In base 5, what is -3 + -213421?
-213424
In base 12, what is -113 + -248?
-35b
In base 8, what is 42 + 25472?
25534
In base 7, what is 10 - 6020042?
-6020032
In base 6, what is -20514 + -50?
-21004
In base 16, what is -9313d - 1?
-9313e
In base 14, what is -5 - -d443?
d43c
In base 15, what is 118ba - -3?
118bd
In base 4, what is -311 - -130021?
123110
In base 7, what is 426340 - 0?
426340
In base 14, what is -2918 - -13?
-2905
In base 14, what is -21b94 + 8?
-21b8a
In base 16, what is -29b2 + -9?
-29bb
In base 6, what is -111 + -4511?
-5022
In base 15, what is 2d + 479?
4a7
In base 2, what is 10101000110001101 + -101?
10101000110001000
In base 14, what is 3b23d + 1?
3b240
In base 3, what is -1001112 - -21221002?
20212120
In base 5, what is -33 - 31211?
-31244
In base 5, what is -223421333 + -3?
-223421341
In base 4, what is -20130 + 33123?
12333
In base 4, what is 120120 - 33213?
20301
In base 12, what is -1a - 3b74?
-3b92
In base 3, what is -212002111 - 21120?
-212101001
In base 15, what is -1b4e + 1?
-1b4d
In base 13, what is -596 + a?
-589
In base 6, what is -41051 - 20?
-41111
In base 5, what is -42320 - -10?
-42310
In base 16, what is c + 155?
161
In base 11, what is -3 - 84304?
-84307
In base 16, what is -b724 - -24?
-b700
In base 11, what is 272 - 256?
17
In base 7, what is 155 + 203?
361
In base 7, what is 10 - -12516?
12526
In base 6, what is -1 + -3203203?
-3203204
In base 5, what is -2122 + -14430?
-22102
In base 6, what is 2200353 - -4?
2200401
In base 3, what is -222000 - -1010?
-220220
In base 8, what is -3 - 46431?
-46434
In base 15, what is -5 - 1eac2?
-1eac7
In base 14, what is 2 - 1011c?
-1011a
In base 11, what is -106 - 604?
-70a
In base 8, what is -4 + -223420?
-223424
In base 6, what is -4 - -30301142?
30301134
In base 8, what is 2563 + -213?
2350
In base 11, what is -7 - 80381?
-80388
In base 10, what is 80 + 7039?
7119
In base 4, what is 11032313 - 111?
11032202
In base 2, what is 100001101100 + 10101100000?
110111001100
In base 5, what is 24322 + -430?
23342
In base 5, what is 1421 + -1042?
324
In base 10, what is -149 - -463?
314
In base 9, what is 68 + 1420?
1488
In base 12, what is -2 - -851?
84b
In base 9, what is 5204 + 652?
5856
In base 9, what is -235 - -346?
111
In base 4, what is 11 + -123203001?
-123202330
In base 11, what is -327 + -184?
-500
In base 10, what is 104 + -328?
-224
In base 2, what is 1100100001101 - 1100?
1100100000001
In base 15, what is 12 + 4687?
4699
In base 5, what is 14340 - 1101?
13234
In base 5, what is -1310241 - 1410?
-1312201
In base 12, what is -8b91 - -1?
-8b90
In base 13, what is 1c3 + 94?
287
In base 8, what is 2 + 36560?
36562
In base 16, what is 87 - 31?
56
In base 10, what is 309368 - 4?
309364
In base 16, what is 3c - bf4f?
-bf13
In base 6, what is -10 - -30401503?
30401453
In base 7, what is -36043 - 1?
-36044
In base 4, what is 200000032 - -1?
200000033
In base 8, what is -754 - -317?
-435
In base 9, what is -8 - -1626?
1617
In base 7, what is 541 + -222?
316
In base 6, what is -145 - -3052?
2503
In base 16, what is -5 - 1064?
-1069
In base 6, what is 1 + -13530345?
-13530344
In base 12, what is -227 + -2ba2?
-3209
In base 3, what is 20 - 120222201?
-120222111
In base 13, what is 3cca4 + -2b?
3cc76
In base 13, what is 50abc + 2?
50ac1
In base 10, what is 7171 - 11?
7160
In base 3, what is -11020202010012 + 0?
-11020202010012
In base 14, what is 26b57d + 0?
26b57d
In base 13, what is -1b2 + 44?
-16b
In base 13, what is -330c + b?
-3301
In base 2, what is 11 - 101111001110110?
-101111001110011
In base 14, what is -25a + -43?
-29d
In base 3, what is -1 + -1210122002?
-1210122010
In base 10, what is 22898 - 0?
22898
In base 5, what is 2210241 + 0?
2210241
In base 4, what is -3333302 - -202?
-3333100
In base 3, what is 10 - 11010201?
-11010121
In base 16, what is -4 + -13a9?
-13ad
In base 4, what is 11 - -2223111222?
2223111233
In base 16, what is 134 - -c8?
1fc
In base 2, what is 1111100 + -1011111111?
-1010000011
In base 16, what is 64c93a - 2?
64c938
In base 13, what is -24 - 559?
-580
In base 14, what is 2 + 9189?
918b
In base 13, what is -1 - 3c3cc?
-3c400
In base 3, what is 1002010 - 11011222?
-10002212
In base 8, what is 10 - -2534?
2544
In base 5, what is -3 + 334324?
334321
In base 9, what is 107 + 2142?
2250
In base 14, what is 75a + -39?
721
In base 3, what is -200201201120 + 0?
-200201201120
In base 7, what is 13 - 104212?
-104166
In base 11, what is 4 + 13a1?
13a5
In base 8, what is 5 + 3423141?
3423146
In base 6, what is 3 + -41035?
-41032
In base 12, what is 10 - -180?
190
In base 13, what is 1705 - 47?
168b
In base 11, what is -3a8716 - -3?
-3a8713
In base 2, what is -10011010000111 - 1000?
-10011010001111
In base 13, what is 2 + -5b3a0?
-5b39b
In base 15, what is 3 - -551b2?
551b5
In base 8, what is 5 - 4204?
-4177
In base 3, what is -12011100011 - 0?
-12011100011
In base 5, what is -10 + -103131?
-103141
In base 6, what is 3454 + 201?
4055
In base 9, what is 11374 + -23?
11351
In base 9, what is 138 - 13002?
-12753
In base 5, what is -110 - -12?
-43
In base 3, what is 21 - 21022202?
-21022111
In base 10, what is -24 - 3909?
-3933
In base 2, what is -101011011010 + 100?
-101011010110
In base 14, what is 8 - 7dd?
-7d5
In base 7, what is -3533052 - 2?
-3533054
In base 10, what is -28290 + 31?
-28259
In base 11, what is -1 - 95560?
-95561
In base 7, what is -2 + -15053653?
-15053655
In base 12, what is -712b7 + -13?
-7130a
In base 9, what is 5 - -2186?
2202
In base 7, what is 4 + -34012?
-34005
In base 16, what is -20df + 0?
-20df
In base 12, what is -2a + -21a65?
-21a93
In base 6, what is -2454 + -2514?
-5412
In base 7, what is -1230 + -16?
-1246
In base 15, what is 3 + 497c?
4980
In base 3, what is 1101002020 + -10?
1101002010
In base 8, what is -2011 + 254?
-1535
In base 13, what is 1 + -2852?
-2851
In base 9, what is 20337 + 2?
20340
In base 16, what is -e + -7dd?
-7eb
In base 12, what is 5 - -389303?
389308
In base 7, what is 60 + -222365?
-222305
In base 9, what is 1 - -16044?
16045
In base 2, what is -10111111101 - 1010?
-11000000111
In base 6, what is -2202531 + -2?
-2202533
In base 8, what is -772 - 3002?
-3774
In base 11, what is 1417 - 858?
66a
In base 4, what is 2222 + -23332?
-21110
In base 11, what is 1 - 192443?
-192442
In base 8, what is -1 + -77554?
-77555
In base 11, what is -a + 1301a?
13010
In base 4, what is 12011 - 1020?
10331
In base 4, what is -1010 - 31303022?
-31310032
In base 4, what is 2130030 - -11?
2130101
In base 14, what is 5 + -187685?
-187680
In base 3, what is -200 - 101020001?
-101020201
In base 6, what is 1404132 - -4?
1404140
In base 4, what is -33301210 - 11?
-33301221
In base 16, what is -4 - 8cbc?
-8cc0
In base 9, what is 2 - 5407?
-5405
In base 14, what is 0 + -114162?
-114162
In base 6, what is 200 + 511?
1111
In base 3, what is 220 - 211212?
-210222
In base 14, what is -d7 + -37?
-130
In base 9, what is -614 - 788?
-1513
In base 14, what is -22d36 - 2?
-22d38
In base 15, what is 3797 + -8?
378e
In base 3, what is -2120 + 1021212?
1012022
In base 13, what is 1303 - 16?
12ba
In base 11, what is 5 - -3783?
3788
In base 3, what is 12120110 + -11101?
12102002
In base 7, what is 24413 - -2013?
26426
In base 3, what 